False
Let t = 197 + -205. Let k(s) = 25*s**2 - 11*s - 31. Is k(t) composite?
False
Let i = 61 - 59. Let t be (i/5)/(1/915) + 1. Let p = t - -100. Is p prime?
True
Suppose 4*j + 0*j - f = 1779, 0 = 3*j + 4*f - 1320. Let l = 46 - 231. Let h = l + j. Is h a prime number?
False
Let c(t) = 633*t + 51. Let l be c(5). Let r = 13157 - l. Is r composite?
False
Let h be (-5)/(-40) + (-1)/8. Suppose h*g - 10 = -5*g. Is g/13 + (-94899)/(-91) composite?
True
Suppose 5*j - 4*d + 208 = 0, -j - 3*j + 4*d = 168. Is j/(-180) - -1*17672/18 a composite number?
True
Let i = 1113645 + -436630. Is i a composite number?
True
Let h be (-50)/(-10)*(1 - 2). Let z = h + 4. Let i(t) = -126*t + 1. Is i(z) composite?
False
Let g = 167 + -167. Suppose -22*z - 5057 = -23*z - 4*w, -4*z - 4*w + 20216 = g. Is z a prime number?
False
Is 75654 + 9 + 12/30*20 a composite number?
True
Suppose 0 = -5*j - 2*l + 1800, -1780 = -3*j - 2*j + 2*l. Let t = 375 + j. Is t a composite number?
False
Suppose -6*n + 8 = -10. Suppose 7*v = n*v + 86588. Is v a composite number?
False
Let g = 899 + 1067. Let h = 973 + g. Is h a composite number?
False
Let y(s) = -14*s**3 + 2*s**2 - 3*s + 134. Is y(-9) composite?
False
Let o(s) = 229*s + 10. Let h be o(-7). Let m = -999 - h. Suppose 357 = b - m. Is b a prime number?
False
Let n = 105 - 98. Let m(x) = 21*x**3 - 3*x**2 + 18*x - 8. Let f be m(n). Suppose 4*i + 5*o - 1423 = f, 0 = i + 2*o - 2147. Is i a composite number?
False
Let w = 565 + -565. Suppose w = 3*b + 5*g - 26581, 2 + 2 = 2*g. Is b composite?
True
Suppose h = 7*h + 24. Is (0 - h) + 1 + 1492 a prime number?
False
Let r(y) = y**3 + 15*y**2 - y - 14. Let v(c) = c**2 + 3*c - 53. Let s be v(-8). Is r(s) a composite number?
False
Suppose -6 = o + f, 38*f + 12 = -2*o + 35*f. Let m(p) = -28*p**3 + 7*p**2 + 2*p + 53. Is m(o) a composite number?
True
Let q = 12866 + -25414. Is (73 + -76)/(6/q) prime?
False
Suppose 0 = -9*s + 34 + 209. Is (-203064)/8*3/s*-3 a composite number?
False
Let c = -496 + 490. Is 8/12 - 4778/c composite?
False
Suppose -f - 4*g = -5*g - 14, -5*f + 90 = 5*g. Is 1052*((-2)/(-4) + (-4)/f) a composite number?
False
Let h(p) = 453*p**2 - 36*p + 37. Let i(r) = -113*r**2 + 9*r - 9. Let j(d) = -2*h(d) - 9*i(d). Is j(-10) a composite number?
False
Suppose -51*b = -46*b - 390615. Let f = b - 44564. Is f a prime number?
False
Let z = -222870 + 355967. Is z composite?
False
Suppose -4175205 = -132*v + 20389599. Is v a composite number?
False
Let j = 83684 + -46645. Is j composite?
False
Suppose -3*k - 5*l = -340385 - 93101, 2*l = 4*k - 577990. Is k a prime number?
True
Let s be 54/(((-16)/(-6))/8*3). Is 2762 + (-6)/(s/9) prime?
False
Let a = -90 - -888. Suppose -139 - a = -f. Let q = 1590 - f. Is q prime?
True
Let z = 293042 + -188971. Is z composite?
True
Suppose -45*p = -22*p. Suppose -h + 5*q = -0*q - 24, 60 = 5*h - 5*q. Suppose p = -3*n + h, 5*n - n + 1239 = 3*m. Is m a composite number?
True
Let y(q) = 15659*q**3 + 3*q**2 + 3. Is y(2) a prime number?
True
Suppose 0 = 2*z + 4*q + 97592, 22*q - 146384 = 3*z + 27*q. Is (3 - 2)/(-4 - 195156/z) a composite number?
False
Let m(q) = 17 - 15*q**2 + 14*q + 0*q**3 + 2*q**3 - 9*q + 2*q. Suppose 132 = 14*c - 36. Is m(c) prime?
False
Let r(b) = 21*b**3 - 13 - 11*b - 20*b**3 + 2 - 6*b**2. Let o be r(10). Suppose -5*y + o = -976. Is y composite?
False
Is 1105674/2*(-44)/(-132) composite?
False
Let x(d) = -2698*d - 1449. Is x(-20) a composite number?
False
Let d be (3064/(-3))/(1/(-3)). Let f = -1785 + d. Let q = f - 762. Is q prime?
False
Let o(j) = -153*j - 11. Suppose 0 = 5*w, -2*q - 3*q - 30 = -4*w. Is o(q) a composite number?
False
Let x(w) = w**2 - 18*w - 46. Let i be x(-3). Suppose i*b - 12*b = 12685. Is b composite?
True
Let o = 131 - 103. Suppose 9*v - 17 = o. Suppose -2*h - 2*r = -v*r - 498, 5*r = 0. Is h a composite number?
True
Suppose 7*j - 10441 = 9*j - 57459. Is j prime?
True
Let x(d) = 147*d**2 - 10*d - 5. Let l be x(5). Let z be l/(-6)*(-6)/4. Let s = -606 + z. Is s a prime number?
False
Let t(j) = 744*j + 66. Let o be t(-12). Is ((46/(-6))/1)/(14/o) a composite number?
True
Let a = -91645 + 153144. Is a a composite number?
True
Let c(b) = 6*b + 0*b - 25 - b**3 + 4*b - 12*b**2. Let i = -16798 - -16782. Is c(i) a prime number?
True
Let x = 60680 - 5594. Suppose x = 309*m - 303*m. Is m composite?
False
Let u(y) = 574*y**2 - 13*y - 14. Is u(-5) composite?
False
Suppose 4*c + 4*b = 8, 3*c - 5 = -4*b - 1. Suppose -2*k - 8094 = -7*k - 4*m, -c*m = -k + 1638. Is k a composite number?
True
Let f be (1 - 73)*(-183)/(-244). Is (10294/9)/((-6)/f) prime?
False
Suppose -14 = r + u + 3*u, 4*r = -2*u + 14. Suppose -r*v + 11821 = -2*v - 5*p, v + p - 2962 = 0. Is v prime?
False
Suppose 54*d = 39*d - 210. Is 4051/(-4 + (-9 - d)) composite?
False
Let h = -181 - -185. Is (0 - (4 + -4)) + h + 19227 a prime number?
True
Let x = 664623 - 412090. Is x prime?
True
Let q(j) = -6590*j - 271. Let p(x) = x + 1. Let d(f) = 5*p(f) + q(f). Is d(-5) a composite number?
True
Let m = -9241 + 15459. Suppose i - 8*f - m = -11*f, -12436 = -2*i + 5*f. Is i composite?
True
Suppose 0*h - 15 = -4*h + 5*u, -3*h = -u - 14. Suppose 0 = 5*s - 25, 5*p - 2*s + h*s - 3500 = 0. Is p a prime number?
False
Let q = -124925 + 271066. Is q a composite number?
False
Let z be 1 - ((-60702)/(-5))/(10/(-900)). Suppose -304*p + 291*p = -z. Is p composite?
True
Let v be 2 - (730*-5 + -4). Let a = 203 + v. Is a prime?
False
Suppose 0 = -t + 24788 + 26609. Is t prime?
False
Let k(x) be the second derivative of 53*x**4/12 + 5*x**3/6 + x**2/2 + 113*x. Suppose -b = 3, -4*u + 3*u + 7 = -3*b. Is k(u) a composite number?
True
Suppose -2*x = -3*x + 16. Let u be 3*(3 + x/(-6)) - 0. Is (117/36)/(u/116) prime?
False
Is (-2042436)/(-16) + 195/(-156) prime?
False
Let u(t) = 110781*t**2 - 229*t + 453. Is u(2) a prime number?
False
Let h be 0*(-2 - 2 - -3) - -1369. Suppose 6825 = 5*s - 5*g, s - 4*g = -5*g + h. Is s a prime number?
True
Let g(n) = -n**3 - 5*n**2 + 7*n - 4. Let j be g(-6). Let i be 6*j/15 - -1854. Let s = -1279 + i. Is s composite?
False
Suppose 5*h = -2*f + 38434, f - 19191 = -427*h + 431*h. Is f a composite number?
False
Let o = -209 - -209. Is 424*30/40 - (-1 - o) a prime number?
False
Suppose 14 = d + 21*f - 19*f, 5*d - 4*f - 14 = 0. Suppose -1157 = -t + 4*o, 3*t - 4*o = -d*o + 3499. Is t a prime number?
False
Let f = 4126 + -2162. Let u = f - 895. Is u composite?
False
Suppose -5*u + 104056 = 2*i - 259040, -5*i + 2*u + 907827 = 0. Is i composite?
True
Suppose -3*z = 2*v + 2*z - 16, -4*v + 20 = 4*z. Let p be (14/(-8))/(17/(-14416)). Suppose 5*i - 2460 = k, -3*i + 2*k = v*k - p. Is i prime?
False
Let f be (37 + 3)*4/8. Suppose -f*i = -3138 - 63042. Is i a composite number?
True
Let h = 20 - 55. Let q = -18 - h. Is 0 - 0 - (q + -631) composite?
True
Let u(z) = -40*z**2 - 9*z - 4. Let x(d) = 3 + d + 3 - 1 - 4. Let w(c) = -u(c) - 3*x(c). Is w(3) composite?
False
Let g(j) = -9*j + 20. Let i be g(-8). Let o = 359 + i. Is o composite?
True
Let d(r) = 4*r + 3 + 124*r**2 - 18*r**2 + 150*r**2. Let f be d(-2). Suppose 2*k + f - 125 = 4*q, 2*q + 2*k - 444 = 0. Is q composite?
False
Suppose -2*b + 27544 = 5*d - 30119, 5*d = -3*b + 86502. Suppose -6*a + b + 34983 = 0. Is a a prime number?
False
Is 165239 - (21 - 33/3) prime?
True
Suppose -2*w - w = -9. Suppose -w*b + 51 = o + 4*o, -3*o + 35 = 4*b. Suppose -o*j + 8869 = 652. Is j composite?
True
Let q(x) = 21084*x + 1525. Is q(18) a prime number?
True
Suppose 2*k - 141498 = -2*y, -50*k - 4*y + 212245 = -47*k. Is k a composite number?
True
Let c be (-1)/(5 - 248898/49779). Let d = c - 10814. Is d a prime number?
True
Suppose 3*b - 4827440 = -c, 0 = -52*c + 50*c - 2. Is b prime?
True
Suppose 2 = k - 2*k. Suppose 39*c - 332*c - 56549 = 0. Is (-21)/(-7)*(c/(-3) - k) prime?
True
Let q = 180 + -177. Is q/(-6) + 16495/2 a composite number?
True
Let b = -465 + -9. Let l = b - -725. Is l composite?
False
Let n = -665 + 1429. Let m = n + -351. Is m a prime number?
False
Let v(l) = 5*l**3 + 20*l + 57. Let n(x) = -8*x**3 - x**2 - 28*x - 86. Let r(g) = 5*n(g) + 7*v(g). Suppose -5*u = -5*d - 50, -8 = 2*d + u + 3. Is r(d) prime?
True
Let w(l) = 158*l + 123. Suppose 9*h = 7 + 29. Is w(h) prime?
False
Is 195/15 + -19 + 23269 a composite number?
True
Is (-9)/(-12)*3832